mposite?
False
Suppose -8 = -2*v - 4*d, 0*v + d - 16 = -4*v. Suppose -4*l + 4*y = -9 - 7, l + v*y = 4. Is 907/l - 3/4 prime?
False
Suppose 3*z = -2*z - 140. Let a = 38 + z. Is a a composite number?
True
Let f = -71 - -124. Is f*((-10)/1)/(-2) prime?
False
Let a(y) = 249 - y - 99 + 181. Let g = -117 + 117. Is a(g) a prime number?
True
Let c(v) = 1139*v**2 - 45*v + 9. Is c(4) composite?
True
Let k(q) = -q**3 + 8*q**2 - 3*q - 5. Let z be k(8). Let y = z - -17. Is (678/y)/(1/(-2)) prime?
True
Let y(g) = -31*g - 34. Is y(-11) a prime number?
True
Suppose -8*d + 3*d = -370. Suppose 3*f = -4*k + d, -3*f + 77 = -5*k + 21. Is f a composite number?
True
Let t(k) = 509*k + 22. Let j be t(6). Suppose 8*f - 484 = j. Is f prime?
False
Suppose -4*x - 2 = -10. Suppose v = -x + 9. Let l(s) = s**2 - 3*s + 3. Is l(v) a composite number?
False
Let g(w) = w + 1. Let n be g(-1). Let o(u) = -3*u + 34 + 2*u**3 - 3*u**3 + 169 + 5*u. Is o(n) composite?
True
Let y(t) = -t**2 - 12*t - 23. Let w be y(-10). Is w*(2942/(-6) + 4) composite?
False
Let p(q) = 8*q**2 + 15*q - 10. Suppose 0 = -5*l - 15, -7 = -5*a - 4*l + 16. Is p(a) prime?
True
Let s = 11 + 336. Let u = 502 - s. Is u composite?
True
Let n(v) be the third derivative of -53*v**4/8 - 8*v**3/3 + 8*v**2. Is n(-7) a composite number?
False
Let y be (-717)/(-2) - 0 - (-2)/4. Suppose y + 162 = d. Is d a prime number?
True
Is (-100 + 3)/(3*(-1)/471) prime?
False
Is (-1883*(-5)/10)/((-2)/(-4)) composite?
True
Suppose 14*i - 150406 - 116420 = 0. Is i prime?
False
Suppose 99111 = 18*p - 79503. Is p prime?
True
Suppose -5*f = -17575 + 3185. Let u be 2*10*(-267)/4. Let r = f + u. Is r a composite number?
False
Let x(i) = i + 56. Suppose 0 = 3*k + k. Let v be x(k). Let g = v - 21. Is g composite?
True
Is (14 - 6) + -2 + 2713 a composite number?
False
Let m(s) be the third derivative of 7*s**5/60 + s**4/24 - 23*s**3/6 - 43*s**2. Is m(9) composite?
True
Suppose 2*a - 440 = 2*k, a - 20 = -19. Let u = k - -868. Is u a prime number?
False
Let b be (5336/6)/((-16)/9 - -2). Is (-6)/21 + (b/14)/3 prime?
False
Let u be 5760 - (-9)/3*-1. Suppose 3*y - 2*x = 2498, 5*y + 1591 - u = 2*x. Is (y/(-4))/(6/(-12)) composite?
True
Let s(z) = z**3 + 4*z**2 - 9*z - 3. Let p be s(-7). Suppose -r = -3*u - 888 - 292, -u - 396 = r. Let f = p - u. Is f a composite number?
False
Let d(r) = r**3 - 4*r**2 - 6*r + 3. Suppose 20 = 3*y + y. Let l be d(y). Is (-3736)/(-12)*(-3)/l a composite number?
False
Suppose 3333 = 30*q - 27*q. Is q composite?
True
Let f be 2 - -3 - (2 - 1). Suppose -f*n + 0*b - 23 = 3*b, 0 = -3*n - 4*b - 26. Is (-505)/(3 + -2 + n) a composite number?
True
Suppose -3*s - h + 5837 = 0, 6*h - h - 10 = 0. Is s composite?
True
Is 0/(3/(-1)) - (-8685 + 4) a prime number?
True
Suppose -t - 36 + 40 = 0. Is -1 - (-4)/t*492 composite?
False
Suppose 5*w + 7*u - 4*u - 6997 = 0, 5*w - 5*u - 6965 = 0. Is w composite?
True
Is -9 - -2 - -224 - -6 prime?
True
Let l = -303 - -896. Is l a prime number?
True
Let k(t) = -733*t + 7. Let i be k(4). Is 4/(-14) + i/(-21) composite?
False
Suppose -b = -2*c + 2 - 0, 2*b + 3*c + 18 = 0. Let h(d) = 88*d**2 - 4*d - 9. Is h(b) composite?
True
Is (9293 - (4 + -1))*(-1)/(-2) a prime number?
False
Suppose 19*j = 9*j + 2930. Is j prime?
True
Suppose 8*v - 7*v - 1 = 0. Suppose v = -r - o, 3*r - 7 + 40 = 3*o. Is (2 - 2) + (56 - r) a prime number?
False
Let l(g) = -156*g + 7. Is l(-5) a prime number?
True
Let a(n) = n**3 + 34*n**2 - 23*n - 1. Let k be a(-27). Let s = k + -3210. Is s prime?
False
Suppose -57*k + 58*k - 10949 = 0. Is k composite?
False
Let h(a) = 470*a + 2. Let u be h(-3). Let c = -777 - u. Is c composite?
False
Let z = 0 - -2. Suppose -5*w = -5*g + 1880, -767 = -z*g + 2*w + 3*w. Is g a composite number?
True
Let q(p) be the third derivative of 29*p**4/12 + 17*p**3/6 - 17*p**2. Is q(4) a composite number?
True
Is 1201 + (0 + 0)/7 a composite number?
False
Suppose -2545 = -2*n - w, -3*w + 0*w = n - 1285. Suppose 0*y = 5*y - n. Is y prime?
False
Let r(i) = -5*i**3 + 17*i**2 - 13*i - 3. Let g(w) = -14*w**3 + 50*w**2 - 38*w - 10. Let f(c) = 6*g(c) - 17*r(c). Is f(8) a prime number?
True
Let l be (-6 - -6) + 3*1. Suppose l*g = 3*r + 66, -40 = -2*g - 0*r - 2*r. Is g a composite number?
True
Let r(s) = 4*s + 11 + 0*s - 3*s. Let z be r(-6). Suppose -4*n = -z*f + 1063, -n = -4*f + 884 - 38. Is f prime?
True
Let w be 88/6 + 10/(-15). Let p be 6472/w + 12/(-42). Let b = p + -227. Is b a composite number?
True
Let b be 10/(-25) + (-96)/(-15). Let p(k) = 13*k**3 + 6*k**2 - 3*k + 11. Is p(b) prime?
False
Suppose l = -3*l. Suppose l = -5*g + 21 + 4. Suppose w - 4*b = 17, 0 = g*w - 4*b - b - 115. Is w a composite number?
True
Let o be (-4 - 2)/((-4)/2). Suppose o*l - k = 604, -3*l - 2*l + 2*k = -1005. Is l a composite number?
True
Suppose 3*i - 5*x = 0, 5*i - 3*x = i + 11. Suppose -459 = -i*t + 26. Is t prime?
True
Suppose 7*v = 28*v - 121821. Is v a composite number?
False
Let b(d) = 22540*d**3 + 4*d**2 - 3*d - 1. Let m be b(1). Suppose 0 = -8*p - 5316 + m. Is p prime?
True
Suppose 4*b + 27852 = 3*i, 6*b = 3*i + b - 27852. Is ((-10)/(-8))/(11/i) composite?
True
Let a = -19 + 20. Let q be (a + -3)*2 + 2. Is 209 + -2 + (-12)/q a prime number?
False
Suppose -26 = -r + 15. Let a be 5/((-10)/r)*-10. Let w = 366 + a. Is w prime?
True
Let i(a) = 2*a - 29. Let p be i(16). Suppose p*c - 4421 = 2*v, 2*v - 7036 - 359 = -5*c. Is c a composite number?
True
Let r(p) = -p**3 + 10*p**2 - 3*p - 7. Suppose -5*q + h = -h - 27, -5*h = -4*q + 8. Is r(q) prime?
False
Let a(o) = -o**2 - 12*o - 5. Let h be a(-11). Let j be -4 + h - (2 - 525). Let z = -364 + j. Is z composite?
True
Suppose 7*q + 1 = 2*q - 4*d, 4*q - 4 = -2*d. Suppose -j = -50 - q. Is j prime?
True
Suppose 0*h = -4*h. Suppose h*v + 4*v = 2*w - 998, -2*v + 1521 = 3*w. Is w a composite number?
True
Let m(b) = 42*b**2 + 2*b - 41. Is m(12) a composite number?
True
Let b(o) be the second derivative of o**4/12 + 2*o**3/3 + 8*o**2 - 3*o. Let u be b(-12). Let w = u - 15. Is w composite?
False
Suppose 4*x = 13*x - 27063. Is x composite?
True
Suppose 0 = 2*m - 578 - 326. Suppose 0 = -n + 5*n - m. Let d = 20 + n. Is d prime?
False
Let y = 767 + 1206. Is y a prime number?
True
Suppose 0 = -21*x + 12*x + 1395. Let i be 0 + 1 + (-38 - -1). Let z = i + x. Is z composite?
True
Let f(g) = 93*g**2 - g + 4*g - 22*g**2 - 1. Is f(3) a prime number?
True
Let v = 7045 + -4026. Is v composite?
False
Let a be 2/14 - (-180)/14. Suppose a*q - 14*q = -419. Is q prime?
True
Suppose m + 24 = 2*m - 3*c, -m = -4*c - 24. Let w be -7*(m/14 + -2). Suppose -4*g + 164 = 4*x, 0*x - w*g = 4*x - 158. Is x composite?
True
Let f be 36/(-84) - ((-594)/21)/3. Suppose -w = -2*r + 1133, -f*w = 3*r - 5*w - 1683. Is r composite?
True
Let y be ((-15)/(-6) + -1)*282. Let m = 622 - y. Is m a composite number?
False
Let i(l) = 22*l**2 + 8*l + 9. Suppose 12 = 2*b - 5*b. Is i(b) a prime number?
False
Let m(o) = 23*o**3 + 4*o**2 - 6*o + 6. Is m(5) a prime number?
False
Let o = -3659 - -5712. Is o composite?
False
Let f = 3 + -2. Let c be (-5 - f/(-1)) + 9. Suppose 0 = r - c*q - 501, -2*r + 1559 = r - q. Is r a prime number?
True
Suppose -5*b - 2 + 32 = 0. Suppose b*f = f + 4595. Is f a composite number?
False
Let m(t) = -t**2 - t + 4400. Let q be 0*(5/3)/5. Let z be m(q). Suppose -z = -5*u - 2*d + 3413, 3*d - 3134 = -2*u. Is u prime?
False
Let a be (-6)/18 - (-13)/3. Suppose -j + 10 = 2*k, 4*j + k - 9 = -a. Is 3 - (-68 - (j - 2)) prime?
False
Let k be 498 + (-1 - 6/3). Let g = 802 - k. Is g composite?
False
Suppose 4*q + 24 = 8*q. Suppose -q*j = -651 - 615. Is j prime?
True
Let h(x) = -x**2 - 5*x. Let s be h(-5). Suppose u + 3*b - 705 = s, -2*u - 2*b + b + 1435 = 0. Let y = u - 421. Is y a prime number?
False
Suppose -26*p - 4*p = -228270. Is p a composite number?
True
Let l(u) = 8 + 50*u**3 - 6*u - 3 - 7*u**2 - 51*u**3. Let t be l(-6). Let m(w) = 6*w**2 + 4*w + 9. Is m(t) prime?
True
Is (-4)/22 - 5321673/(-693) a composite number?
True
Let l be 2/(-1 - (-15)/9). Is 214 - 1*(l + 0) composite?
False
Let j(r) = -9*r**3 + 3*r**2 + 8*r + 3. Let h be j(-2). Suppose -h + 29 = -7*w. Is w a prime number?
False
Suppose 135529 = 16*p - 27847. Is p a prime number?
True
Let b(y) = -y + 10. Let f be b(12). Let t be -1 - f - 627/(-3). Let k = t 